{"id":14,"date":"2024-03-01T11:04:30","date_gmt":"2024-03-01T10:04:30","guid":{"rendered":"https:\/\/sonnenstudio-suntime.de\/?page_id=14"},"modified":"2025-07-06T07:45:25","modified_gmt":"2025-07-06T05:45:25","slug":"home","status":"publish","type":"page","link":"https:\/\/sonnenstudio-suntime.de\/","title":{"rendered":"Home"},"content":{"rendered":"<p>[et_pb_section fb_built=&#8220;1&#8243; _builder_version=&#8220;4.24.2&#8243; _module_preset=&#8220;default&#8220; background_color=&#8220;#F77F00&#8243; custom_margin=&#8220;0px||||false|false&#8220; custom_padding=&#8220;0px||0px||false|false&#8220; global_colors_info=&#8220;{}&#8220;][et_pb_row _builder_version=&#8220;4.24.2&#8243; _module_preset=&#8220;default&#8220; global_colors_info=&#8220;{}&#8220;][et_pb_column type=&#8220;4_4&#8243; _builder_version=&#8220;4.24.2&#8243; _module_preset=&#8220;default&#8220; global_colors_info=&#8220;{}&#8220;][et_pb_text _builder_version=&#8220;4.24.2&#8243; _module_preset=&#8220;default&#8220; header_font=&#8220;oswald||||||||&#8220; header_text_align=&#8220;center&#8220; header_text_color=&#8220;#FFFFFF&#8220; header_font_size=&#8220;14px&#8220; header_letter_spacing=&#8220;10px&#8220; header_line_height=&#8220;1.1em&#8220; background_color=&#8220;#F77F00&#8243; width=&#8220;100%&#8220; max_width=&#8220;600px&#8220; module_alignment=&#8220;center&#8220; custom_margin=&#8220;0px|||0px|false|false&#8220; custom_padding=&#8220;0px|||20px|false|false&#8220; header_line_height_phone=&#8220;1.5em&#8220; header_line_height_last_edited=&#8220;off|phone&#8220; global_colors_info=&#8220;{}&#8220;]<\/p>\n<h1>SUNTIME SONNENSTUDIO<\/h1>\n<p>[\/et_pb_text][et_pb_text _builder_version=&#8220;4.24.2&#8243; _module_preset=&#8220;default&#8220; header_font=&#8220;oswald||||||||&#8220; header_text_align=&#8220;center&#8220; header_text_color=&#8220;#FFFFFF&#8220; header_font_size=&#8220;14px&#8220; header_letter_spacing=&#8220;10px&#8220; header_2_font=&#8220;Georgia||||||||&#8220; header_2_text_align=&#8220;center&#8220; header_2_text_color=&#8220;#FFFFFF&#8220; header_2_font_size=&#8220;76px&#8220; background_color=&#8220;#F77F00&#8243; width=&#8220;100%&#8220; max_width=&#8220;600px&#8220; module_alignment=&#8220;center&#8220; custom_margin=&#8220;0px|0px|0px|0px|false|false&#8220; custom_padding=&#8220;0px|0px|0px|0px|false|false&#8220; header_2_font_size_tablet=&#8220;76px&#8220; header_2_font_size_phone=&#8220;66px&#8220; header_2_font_size_last_edited=&#8220;on|phone&#8220; global_colors_info=&#8220;{}&#8220;]<\/p>\n<h2>Hol dir die Sonne<\/h2>\n<p>[\/et_pb_text][\/et_pb_column][\/et_pb_row][\/et_pb_section][et_pb_section fb_built=&#8220;1&#8243; _builder_version=&#8220;4.27.4&#8243; _module_preset=&#8220;default&#8220; hover_enabled=&#8220;0&#8243; global_colors_info=&#8220;{}&#8220; use_background_color_gradient=&#8220;on&#8220; background_color_gradient_stops=&#8220;#30baf4 0%|#326eef 100%&#8220; sticky_enabled=&#8220;0&#8243; background_enable_image=&#8220;off&#8220;][et_pb_row _builder_version=&#8220;4.27.4&#8243; _module_preset=&#8220;default&#8220; global_colors_info=&#8220;{}&#8220;][et_pb_column type=&#8220;4_4&#8243; _builder_version=&#8220;4.27.4&#8243; _module_preset=&#8220;default&#8220; global_colors_info=&#8220;{}&#8220;][et_pb_text _builder_version=&#8220;4.27.4&#8243; _module_preset=&#8220;default&#8220; header_font=&#8220;Akaya Telivigala||||||||&#8220; header_font_size=&#8220;75px&#8220; header_line_height=&#8220;1.5em&#8220; header_2_font=&#8220;&#8211;et_global_body_font|700|||||||&#8220; header_2_line_height=&#8220;1.2em&#8220; custom_padding=&#8220;0px|||||&#8220; hover_enabled=&#8220;0&#8243; global_colors_info=&#8220;{}&#8220; sticky_enabled=&#8220;0&#8243;]<\/p>\n<h1 style=\"text-align: center;\"><span style=\"color: #ffffff;\">Sommerangebot<\/span><\/h1>\n<h2 style=\"text-align: center;\"><span style=\"color: #ffffff;\">7. Juli bis 25. August 2025<\/span><\/h2>\n<h2 style=\"text-align: center;\"><span style=\"color: #ffffff;\">40 Euro zahlen &#8211; 50 Euro Wert<\/span><br \/><span style=\"color: #ffffff;\">55 Euro zahlen &#8211; 75 Euro Wert<\/span><br \/><span style=\"color: #ffffff;\">70 Euro zahlen &#8211; 100 Euro Wert<\/span><\/h2>\n<p>[\/et_pb_text][\/et_pb_column][\/et_pb_row][\/et_pb_section][et_pb_section fb_built=&#8220;1&#8243; fullwidth=&#8220;on&#8220; _builder_version=&#8220;4.24.2&#8243; _module_preset=&#8220;default&#8220; global_colors_info=&#8220;{}&#8220;][et_pb_fullwidth_image src=&#8220;https:\/\/sonnenstudio-suntime.de\/wp-content\/uploads\/2025\/04\/Bildschirmfoto-2025-04-29-um-15.04.57.png&#8220; title_text=&#8220;Bildschirmfoto 2025-04-29 um 15.04.57&#8243; _builder_version=&#8220;4.27.4&#8243; _module_preset=&#8220;default&#8220; global_colors_info=&#8220;{}&#8220;][\/et_pb_fullwidth_image][\/et_pb_section][et_pb_section fb_built=&#8220;1&#8243; _builder_version=&#8220;4.24.2&#8243; _module_preset=&#8220;default&#8220; use_background_color_gradient=&#8220;on&#8220; background_color_gradient_stops=&#8220;#49efff 0%|#ff5b66 100%&#8220; global_colors_info=&#8220;{}&#8220;][et_pb_row _builder_version=&#8220;4.24.2&#8243; _module_preset=&#8220;default&#8220; global_colors_info=&#8220;{}&#8220;][et_pb_column type=&#8220;4_4&#8243; _builder_version=&#8220;4.24.2&#8243; _module_preset=&#8220;default&#8220; global_colors_info=&#8220;{}&#8220;][et_pb_text _builder_version=&#8220;4.27.4&#8243; _module_preset=&#8220;default&#8220; header_font_size=&#8220;39px&#8220; header_2_font=&#8220;Georgia||||||||&#8220; header_2_text_color=&#8220;#D62828&#8243; header_2_font_size=&#8220;37px&#8220; header_3_text_align=&#8220;center&#8220; header_3_font_size=&#8220;19px&#8220; header_3_line_height=&#8220;1.3em&#8220; header_4_line_height=&#8220;1.3em&#8220; custom_margin=&#8220;-50px||-47px||false|false&#8220; custom_padding=&#8220;0px||||false|false&#8220; header_font_tablet=&#8220;&#8220; header_font_phone=&#8220;&#8220; header_font_last_edited=&#8220;on|desktop&#8220; header_font_size_tablet=&#8220;&#8220; header_font_size_phone=&#8220;22px&#8220; header_font_size_last_edited=&#8220;on|phone&#8220; global_colors_info=&#8220;{}&#8220;]<\/p>\n<h1 style=\"text-align: center;\"><span><b>Alles neu macht der Mai<\/b><\/span><\/h1>\n<h1 style=\"text-align: center;\">MEGASUN PRESTIGE BLUEVISION<\/h1>\n<h4 data-pm-slice=\"1 1 []\" style=\"text-align: center;\">Die <strong><a href=\"https:\/\/ergoline.de\/produkte\/prestige-bluevision\/\" target=\"_blank\" rel=\"noopener\">Bluevision-Serie<\/a><\/strong> vereint modernste Technik mit innovativer Lichttechnologie und bietet dir ein Br\u00e4unungserlebnis auf h\u00f6chstem Niveau. Mit der Prestige Bluevision genie\u00dft du intensive Br\u00e4une und sp\u00fcrbaren Komfort \u2013 perfekt auf deine Bed\u00fcrfnisse abgestimmt. Entdecke die Zukunft der Br\u00e4unungstechnologie und erlebe eine Kombination aus Wirksamkeit und Entspannung.<\/h4>\n<h3><b><\/b><\/h3>\n<h1 style=\"text-align: center;\"><\/h1>\n<p>[\/et_pb_text][\/et_pb_column][\/et_pb_row][\/et_pb_section][et_pb_section fb_built=&#8220;1&#8243; next_background_color=&#8220;#F77F00&#8243; _builder_version=&#8220;4.24.2&#8243; _module_preset=&#8220;default&#8220; use_background_color_gradient=&#8220;on&#8220; background_color_gradient_direction=&#8220;318deg&#8220; background_enable_image=&#8220;off&#8220; custom_padding=&#8220;54px|||||&#8220; bottom_divider_style=&#8220;arrow&#8220; bottom_divider_height=&#8220;73px&#8220; bottom_divider_repeat=&#8220;1x&#8220; global_colors_info=&#8220;{}&#8220;][et_pb_row _builder_version=&#8220;4.24.2&#8243; _module_preset=&#8220;default&#8220; custom_margin=&#8220;0px||0px||false|false&#8220; custom_padding=&#8220;0px||0px||false|false&#8220; global_colors_info=&#8220;{}&#8220;][et_pb_column type=&#8220;4_4&#8243; _builder_version=&#8220;4.24.2&#8243; _module_preset=&#8220;default&#8220; global_colors_info=&#8220;{}&#8220;][et_pb_text _builder_version=&#8220;4.24.2&#8243; _module_preset=&#8220;default&#8220; header_font=&#8220;oswald||||||||&#8220; header_text_color=&#8220;#FFFFFF&#8220; header_line_height=&#8220;1.2em&#8220; global_colors_info=&#8220;{}&#8220;]<\/p>\n<h1>Unsere modernen Sonnenb\u00e4nke im \u00dcberblick<\/h1>\n<p>[\/et_pb_text][\/et_pb_column][\/et_pb_row][et_pb_row column_structure=&#8220;1_2,1_2&#8243; _builder_version=&#8220;4.24.2&#8243; _module_preset=&#8220;default&#8220; global_colors_info=&#8220;{}&#8220;][et_pb_column type=&#8220;1_2&#8243; _builder_version=&#8220;4.24.2&#8243; _module_preset=&#8220;default&#8220; global_colors_info=&#8220;{}&#8220;][et_pb_button button_text=&#8220;Power: STARK&#8220; _builder_version=&#8220;4.24.2&#8243; _module_preset=&#8220;default&#8220; custom_button=&#8220;on&#8220; button_text_size=&#8220;30px&#8220; button_text_color=&#8220;#D62828&#8243; button_bg_color=&#8220;#FFFFFF&#8220; button_border_width=&#8220;0px&#8220; button_font=&#8220;oswald||||||||&#8220; button_use_icon=&#8220;off&#8220; box_shadow_style=&#8220;preset3&#8243; box_shadow_blur=&#8220;4px&#8220; global_colors_info=&#8220;{}&#8220;][\/et_pb_button][et_pb_text _builder_version=&#8220;4.27.4&#8243; _module_preset=&#8220;default&#8220; text_font=&#8220;oswald||||||||&#8220; header_2_font=&#8220;oswald||||||||&#8220; header_2_font_size=&#8220;18px&#8220; header_2_line_height=&#8220;1.3em&#8220; custom_padding=&#8220;0px|||||&#8220; global_colors_info=&#8220;{}&#8220;]<\/p>\n<h2><span style=\"color: #ff0000;\">NEU:<\/span> Mega Sun Prestige Bluevision<\/h2>\n<h2><span style=\"color: #ff0000;\">NEU:<\/span> Mega Sun K11 Air<\/h2>\n<h2><span style=\"color: #ff0000;\">NEU:<\/span> Mega Sun K9S Vita Sun<\/h2>\n<h2>Ergoline Excellence 880 Smart Power<br \/><em>Laufzeit 11 bis 30 Minuten<\/em><\/h2>\n<h2>Ergoline Vitality Fusion 50 Blue UV<br \/><em>Laufzeit 15 bis 30 Minuten<\/em><\/h2>\n<h2>Soltron XL 1000 Diavolo<br \/><em>Laufzeit 11 bis 30 Minuten<\/em><\/h2>\n<h2>Soltron XL 75 Flying Orange<br \/><em>Laufzeit 11 bis 30 Minuten<\/em><\/h2>\n<h2>Ergoline Prestige 990 S<br \/><em>Laufzeit 11 bis 30 Minuten<\/em><\/h2>\n<h2>Ergoline 1400 Prestige<br \/><em>Laufzeit 11 bis 30 Minuten<\/em><\/h2>\n<h2>Ergoline 1600 Prestige &amp; Hybrid Performance<br \/><em>Laufzeit 11 bis 30 Minuten<\/em><\/h2>\n<h2>Smart Sun Ergoline Inspiration 500<br \/><em>Laufzeit 11 bis 30 Minuten<\/em><\/h2>\n<h2>Ergoline Vitaly Fusion 50 Blue UV<br \/><em>Laufzeit 15 bis 30 Minuten<\/em><\/h2>\n<h2>Ergoline TK 800 Teilk\u00f6rperbr\u00e4uner<br \/><em>Laufzeit 10 bis 30 Minuten<\/em><\/h2>\n<p><em><\/em><\/p>\n<p>[\/et_pb_text][\/et_pb_column][et_pb_column type=&#8220;1_2&#8243; _builder_version=&#8220;4.24.2&#8243; _module_preset=&#8220;default&#8220; global_colors_info=&#8220;{}&#8220;][et_pb_button button_text=&#8220;Power: MEDIUM&#8220; _builder_version=&#8220;4.24.2&#8243; _module_preset=&#8220;default&#8220; custom_button=&#8220;on&#8220; button_text_size=&#8220;30px&#8220; button_text_color=&#8220;#FCBF49&#8243; button_bg_color=&#8220;#FFFFFF&#8220; button_border_width=&#8220;0px&#8220; button_font=&#8220;oswald||||||||&#8220; button_use_icon=&#8220;off&#8220; box_shadow_style=&#8220;preset3&#8243; box_shadow_blur=&#8220;4px&#8220; global_colors_info=&#8220;{}&#8220;][\/et_pb_button][et_pb_text _builder_version=&#8220;4.24.2&#8243; _module_preset=&#8220;default&#8220; text_font=&#8220;oswald||||||||&#8220; header_2_font=&#8220;oswald||||||||&#8220; header_2_font_size=&#8220;18px&#8220; header_2_line_height=&#8220;1.3em&#8220; global_colors_info=&#8220;{}&#8220;]<\/p>\n<h2>Smart Sun Ergoline Inspiration 500<br \/><em>Laufzeit 11 bis 30 Minuten<\/em><\/h2>\n<h2>Soltron M-60 XTRA Super Banana Beach<br \/><em>Laufzeit 10 bis 30 Minuten<\/em><\/h2>\n<h2>Soltron M 55 Speed<br \/><em>Laufzeit 10 bis 30 Minuten<\/em><\/h2>\n<h2>Soltron M 60 Magic Melon<br \/><em>Laufzeit 15 bis 30 Minuten<\/em><\/h2>\n<h2>Sonnenengel<br \/><em>Laufzeit 20 Minuten<\/em><\/h2>\n<p>&nbsp;<\/p>\n<p>[\/et_pb_text][\/et_pb_column][\/et_pb_row][\/et_pb_section][et_pb_section fb_built=&#8220;1&#8243; _builder_version=&#8220;4.24.2&#8243; _module_preset=&#8220;default&#8220; background_color=&#8220;#F77F00&#8243; custom_margin=&#8220;0px||0px||false|false&#8220; custom_padding=&#8220;0px||0px||false|false&#8220; global_colors_info=&#8220;{}&#8220;][et_pb_row _builder_version=&#8220;4.24.2&#8243; _module_preset=&#8220;default&#8220; global_colors_info=&#8220;{}&#8220;][et_pb_column type=&#8220;4_4&#8243; _builder_version=&#8220;4.24.2&#8243; _module_preset=&#8220;default&#8220; global_colors_info=&#8220;{}&#8220;][et_pb_button button_url=&#8220;https:\/\/maps.app.goo.gl\/AHhrYojBXme67eMC9&#8243; url_new_window=&#8220;on&#8220; button_text=&#8220;Anfahrt&#8220; button_alignment=&#8220;center&#8220; _builder_version=&#8220;4.24.2&#8243; _module_preset=&#8220;default&#8220; custom_button=&#8220;on&#8220; button_text_size=&#8220;39px&#8220; button_text_color=&#8220;#D62828&#8243; button_bg_color=&#8220;#FFFFFF&#8220; button_border_width=&#8220;0px&#8220; button_font=&#8220;oswald||||||||&#8220; button_use_icon=&#8220;off&#8220; box_shadow_style=&#8220;preset3&#8243; global_colors_info=&#8220;{}&#8220;][\/et_pb_button][et_pb_text _builder_version=&#8220;4.24.2&#8243; _module_preset=&#8220;default&#8220; text_font=&#8220;oswald||||||||&#8220; text_text_color=&#8220;#FFFFFF&#8220; text_font_size=&#8220;26px&#8220; text_orientation=&#8220;center&#8220; text_font_size_tablet=&#8220;26px&#8220; text_font_size_phone=&#8220;18px&#8220; text_font_size_last_edited=&#8220;on|phone&#8220; global_colors_info=&#8220;{}&#8220;]<\/p>\n<p style=\"text-align: center;\">Kostenfreie Kundenparkpl\u00e4tze vor dem Studio!<\/p>\n<p>Sollten diese besetzt sein, k\u00f6nnen Sie 2 Stunden kostenlos im Parkhaus nebenan parken.<\/p>\n<p>[\/et_pb_text][\/et_pb_column][\/et_pb_row][\/et_pb_section]<\/p>\n","protected":false},"excerpt":{"rendered":"<p>SUNTIME SONNENSTUDIOHol dir die SonneSommerangebot 7. Juli bis 25. August 2025 40 Euro zahlen &#8211; 50 Euro Wert55 Euro zahlen &#8211; 75 Euro Wert70 Euro zahlen &#8211; 100 Euro WertAlles neu macht der Mai MEGASUN PRESTIGE BLUEVISION Die Bluevision-Serie vereint modernste Technik mit innovativer Lichttechnologie und bietet dir ein Br\u00e4unungserlebnis auf h\u00f6chstem Niveau. Mit der [&hellip;]<\/p>\n","protected":false},"author":1,"featured_media":0,"parent":0,"menu_order":0,"comment_status":"closed","ping_status":"closed","template":"","meta":{"_et_pb_use_builder":"on","_et_pb_old_content":"","_et_gb_content_width":"","footnotes":""},"class_list":["post-14","page","type-page","status-publish","hentry"],"_links":{"self":[{"href":"https:\/\/sonnenstudio-suntime.de\/index.php\/wp-json\/wp\/v2\/pages\/14","targetHints":{"allow":["GET"]}}],"collection":[{"href":"https:\/\/sonnenstudio-suntime.de\/index.php\/wp-json\/wp\/v2\/pages"}],"about":[{"href":"https:\/\/sonnenstudio-suntime.de\/index.php\/wp-json\/wp\/v2\/types\/page"}],"author":[{"embeddable":true,"href":"https:\/\/sonnenstudio-suntime.de\/index.php\/wp-json\/wp\/v2\/users\/1"}],"replies":[{"embeddable":true,"href":"https:\/\/sonnenstudio-suntime.de\/index.php\/wp-json\/wp\/v2\/comments?post=14"}],"version-history":[{"count":71,"href":"https:\/\/sonnenstudio-suntime.de\/index.php\/wp-json\/wp\/v2\/pages\/14\/revisions"}],"predecessor-version":[{"id":291,"href":"https:\/\/sonnenstudio-suntime.de\/index.php\/wp-json\/wp\/v2\/pages\/14\/revisions\/291"}],"wp:attachment":[{"href":"https:\/\/sonnenstudio-suntime.de\/index.php\/wp-json\/wp\/v2\/media?parent=14"}],"curies":[{"name":"wp","href":"https:\/\/api.w.org\/{rel}","templated":true}]}}